 are the prime factors of 0 + (-528171)/(-30) - (7 - 1022/140)?
2, 8803
Suppose 14*w - 10*w = 28. Suppose -w*f - 81 = 73. Let o = 29 + f. What are the prime factors of o?
7
Let z be (-94339)/49 - ((-2)/7 + 0). What are the prime factors of 6/(z/645 - (-2 - 1))?
3, 43
Let p = 12634 + -7972. What are the prime factors of p?
2, 3, 7, 37
Suppose -2*w - 4*m = -19650, -3*m = 4*w - 5393 - 33882. List the prime factors of w.
5, 13, 151
Let n(a) = 14*a**2 - 143*a + 139. What are the prime factors of n(30)?
7, 17, 71
Let a(k) = 72 - 72 - 3*k**3. Let z be a(-1). Suppose 2*q + 294 = 4*m, -z*m - q + 203 = q. List the prime factors of m.
71
Let z = 721 + -2241. Let k = -572 - z. List the prime factors of k.
2, 3, 79
Suppose 5*a = 1163 + 5397. Let h = a + -333. Suppose 13*g - h = 2*g. What are the prime factors of g?
89
Let f = 17 + -15. Let s be -285*f/(-30)*-6. Let q = -66 - s. What are the prime factors of q?
2, 3
Let b be (-2)/(-11) + (-20)/11*-1. Suppose -4*l = -b*l - 8. Suppose -l*i - 308 = -4*u, -3*u + 231 = -0*u - 5*i. List the prime factors of u.
7, 11
Let d = -91 - -61. What are the prime factors of 28/(-210) + (-35944)/d?
2, 599
Let c = 4104 + 2168. What are the prime factors of c?
2, 7
Suppose -8*b = 4*b + 756. Let c = b + 106. What are the prime factors of c?
43
Let t be (-8)/20 - 22*(-1)/5. Let q = 39 - t. Let a = -30 + q. List the prime factors of a.
5
Suppose 21*s - 771900 - 251292 = 251298. What are the prime factors of s?
2, 3, 5, 7, 17
Suppose 12942 = 23*v - 15256. List the prime factors of v.
2, 613
Let a = -5089 - -7730. List the prime factors of a.
19, 139
Let g = 35 + -40. Let d(v) = 17*v**2 - 13*v - 28. List the prime factors of d(g).
2, 3, 7, 11
Let f be (-1 + (-74)/(-6))*3. Let g = f - 32. What are the prime factors of g*((-2884)/8)/(-7)?
103
Suppose 5*u - 43143 = -t, 2*u - 262*t + 261*t = 17253. List the prime factors of u.
2, 3, 719
Let q = -21376 - -49046. What are the prime factors of q?
2, 5, 2767
Suppose 13*l = -4*l. Suppose 2*d - d - 1096 = l. List the prime factors of d.
2, 137
Let h(r) = r**3 - 2*r**2 - 8*r. Let c be h(5). Let k = c + -46. Let a = 60 + k. List the prime factors of a.
7
Suppose 11*z - 2096 = 720. Suppose -t + 475 = -z. What are the prime factors of t?
17, 43
Let l(d) = 9*d**3 + d - 1. Let x = 60 + -59. Let j be l(x). Suppose 2*g = j*g - 931. List the prime factors of g.
7, 19
Let u(g) = 1013*g**2 - 1020*g**2 - 25*g - 5 + 19*g**3 - 21*g**3. What are the prime factors of u(-3)?
61
Let l = -1023 - -2417. Let h = l + -441. What are the prime factors of h?
953
Suppose 5549*x - 5546*x - 108468 = 0. List the prime factors of x.
2, 3, 23, 131
Let c(a) = a**3 - 14*a**2 - 15*a. Let y be c(15). Suppose -j + 5*f - 17 = y, 0*j + j - 33 = -5*f. What are the prime factors of -172*((-18)/j - -2)?
43
Let i = -73 - -77. What are the prime factors of -4 + (169 - (i - 4))?
3, 5, 11
Let l(z) = z**3 - 4*z**2 - 17. Let f be l(5). Suppose -f*o - 15*o = -4508. What are the prime factors of o?
2, 7
Let l = 1135 + -124. Suppose -3*b - l = -6*b. List the prime factors of b.
337
Let c = -413 + 423. Suppose 0 = 3*q + 4*y - 902, 4*y = 14*q - c*q - 1212. List the prime factors of q.
2, 151
Suppose 20*s - 10*s - 9820 = 0. Suppose 0 = t + 3*t - 2*i - s, 4*t + 5*i - 1017 = 0. What are the prime factors of t?
2, 31
Suppose -8*a = -10*a + 8. Suppose -b = 2, 7*b - a*b = -2*k + 692. List the prime factors of k.
349
Suppose 0 = 3*w + 4*a - 153, -w + 3*a = 8 - 72. Let y(m) = m**3 - 6*m**2 + 2*m - 6. Let b be y(3). Let p = w + b. What are the prime factors of p?
2, 7
Let b(f) = 768*f**3 - f**2 - 8*f + 20. What are the prime factors of b(2)?
2, 3
Let b(p) = -p**3 + p**2 + 6*p + 26. Suppose 17*d = -2*d - 76. What are the prime factors of b(d)?
2, 41
Let g = -396 + 1205. Suppose z - 2*i = 636, -z + 3*i - 171 = -g. List the prime factors of z.
2, 79
Let x = -78352 + 122027. List the prime factors of x.
5, 1747
Let q = 17633 - 10266. List the prime factors of q.
53, 139
Suppose 0 = 38*k - 31*k. Suppose 16*n + 20*n - 64044 = k. What are the prime factors of n?
3, 593
Let j = 13629 - 3374. What are the prime factors of j?
5, 7, 293
Suppose 3*d - 2*w = w - 624, 2*w + 1033 = -5*d. Let o = 139 - d. What are the prime factors of o?
2, 173
Suppose 2*s - 3*m = 14, -9 = -s + 2*m - 1. Suppose s*d = 4*d - d. Suppose d*r - 365 = -5*r. What are the prime factors of r?
73
Let z be -1*(-3924)/(-16)*-8. Suppose 5*a + o - z = 0, 6*o - 8 = 2*o. List the prime factors of a.
2, 7
What are the prime factors of 14 + 0 + 13988 - -5?
3, 7, 23, 29
List the prime factors of ((-3)/18*14)/(5/(-12135)).
7, 809
What are the prime factors of (-55 + 1)*(-9775)/50?
3, 17, 23
Let a = -215 + 321. Let l = -35 + a. Suppose 52 = w - l. List the prime factors of w.
3, 41
Let v = 26401 + 11100. List the prime factors of v.
37501
Let h(f) = -f - 19. Let t be h(25). List the prime factors of 4/22 + (-10)/t*2516.
2, 11, 13
Suppose 0*c - 30 = -5*l + 4*c, -5*l + 40 = -2*c. Let d(k) be the first derivative of k**2 + 30*k - 15. List the prime factors of d(l).
2, 5
Suppose -g + 98 = 5*t, 2*t + 5*g - 70 = -2*t. Let s(l) = 7*l**2 - 4*l**2 - 14*l**3 - 2*l + t*l**3 - 4. List the prime factors of s(3).
179
Let n(p) = 41*p**3 - 15*p**2 + 42*p + 20. List the prime factors of n(4).
2, 643
Suppose 26*t - 441 + 181 = 0. List the prime factors of (153 - -13)*5/t.
83
Let b be ((-4)/(100/15))/(3/(-10)). Suppose 0 = b*y - 100 - 264. What are the prime factors of y?
2, 7, 13
Let p(j) = -j**3 - 12*j**2 + 59*j + 3044. List the prime factors of p(-41).
2, 3, 13, 211
Let j(g) = -5*g + 32. Let i be j(-5). Suppose 1095 = 62*n - i*n. What are the prime factors of n?
3, 73
Let x(g) = -19*g + 1451. List the prime factors of x(52).
463
Suppose 4*r = -2*m + 90, -3*m - 21 - 42 = -3*r. Let p = r + -22. Suppose -b = p, -j - 5*b + 42 = -18. List the prime factors of j.
2, 3, 5
Suppose -4*x = -4*d - 137768, -73792 = -3*x + 5*d + 29548. What are the prime factors of x?
5, 71, 97
Let z(y) = -15*y**3 - y**2 - 2*y + 3. What are the prime factors of z(-3)?
3, 5
Let t(o) = -203*o + 4. Let w be ((-102)/(-18) + -5)/((-1)/6). Let d be t(w). Suppose 9*z - 3*z = d. What are the prime factors of z?
2, 17
Suppose -18*d = -15*d + 24. Let a(m) = m**2 - 41*m - 15. What are the prime factors of a(d)?
13, 29
Let c = 39 + -61. Let u(s) = -s**3 - 23*s**2 - 24*s + 25. Let q be u(c). Suppose 2*k + 2*l - 94 = 0, q - 16 = k + 4*l. What are the prime factors of k?
3, 5
Let g be (-26)/12 - (-17)/102. Let p be -13 - (3 + g)*0. Let f = 35 - p. List the prime factors of f.
2, 3
What are the prime factors of (418272/64)/(6/12)?
3, 4357
Suppose -k - 12 = -q - 3, -q - 2*k = 6. Suppose -50*y = -49*y - 2. Suppose 144 = f + f - q*x, y*f = x + 135. What are the prime factors of f?
2, 3, 11
Let o = 3457 - 1852. List the prime factors of o.
3, 5, 107
Let i = 7059 - 439. What are the prime factors of i?
2, 5, 331
Suppose -18 = -19*l + 22*l. Let r be (-7)/((-14)/l) + -197. Let p = r - -308. List the prime factors of p.
2, 3
Suppose -1218 = 20*t - 3798. List the prime factors of (125 - t)/(4/(-1078)).
2, 7, 11
Suppose 3*o = -4*m + 13689, -2*m - 11399 = -4*o + 6831. Suppose -33*i + 38*i + 4*w - o = 0, -i + 3*w + 908 = 0. What are the prime factors of i?
911
Let h = -17 - -33. Suppose -c - h = -263. What are the prime factors of c?
13, 19
Let n(i) = -1687*i + 107. What are the prime factors of n(-2)?
59
Suppose -11*j + 3*j + 288 = 0. Let g = -40 + j. List the prime factors of g + (1 - (-105 + -2)).
2, 13
Let y = 998 + -329. Let p = -373 + y. What are the prime factors of p?
2, 37
Suppose -p - 7242 = -2*w, -3*p - 2998 - 11482 = -4*w. Suppose -y + 5*h - 2*h + 1201 = 0, -3*y = h - w. List the prime factors of y.
17, 71
List the prime factors of 22031 - (-14 + 29 - 15).
22031
Let j = 16 - 19. Let p = 26 + j. List the prime factors of p.
23
Let g(j) = -6*j**2 - 5*j + 8. Let z be g(-6). Let l(q) = 3*q - 74. Let r be l(-5). Let u = r - z. What are the prime factors of u?
89
Suppose k + 7 = -4*i, -3*i - 6 = -4*k - 2*i. Let r be k*1/(-3) + 1515/9. Let v = r + -56. List the prime factors of v.
2, 7
Let n(x) = 12*x + 4. Let r be n(4). Let q be 4/(16/3)*r. List the prime factors of q*(20/(-6) - -4).
2, 13
Suppose -6*g - 1714 = 1976. Let o = g - -1516. List the prime factors of o.
